{"id":13,"date":"2016-06-30T08:58:56","date_gmt":"2016-06-30T08:58:56","guid":{"rendered":"http:\/\/pock-programming.net\/wordpress\/?page_id=13"},"modified":"2021-12-31T10:13:52","modified_gmt":"2021-12-31T09:13:52","slug":"impressum","status":"publish","type":"page","link":"https:\/\/pock-programming.net\/?page_id=13&lang=de","title":{"rendered":"Impressum"},"content":{"rendered":"<h2>pock-programming<br \/>\nIng. Christoph Pock<\/h2>\n<p>Dienstleistungen in der automatischen Datenverarbeitung und Informationstechnik<\/p>\n<p>UID Nr.: ATU66681977<\/p>\n<p data-canvas-width=\"151.892\">Beh\u00f6rde gem. ECG (E-Commerce Gesetz): Bezirkshauptmannschaft S\u00fcdoststeiermark<br \/>\nMitglied der Wirtschaftskammer Steiermark: Fachgruppe Unternehmensberatung, Buchhaltung und Informationstechnologie: IT-Dienstleistung<br \/>\nRechtsform: Einzelunternehmer<\/p>\n<p>Anwendbare Rechtsvorschriften: <a href=\"http:\/\/www.ris2.bka.gv.at\">http:\/\/www.ris2.bka.gv.at<\/a><\/p>\n<p><a href=\"https:\/\/www.wkoecg.at\/Web\/Ecg.aspx?FirmaID=f4507123-208e-453b-b4af-5981a3af0ca2\" target=\"_blank\" rel=\"noopener noreferrer\"><img loading=\"lazy\" decoding=\"async\" class=\"alignnone\" src=\"https:\/\/www.wkoecg.at\/Web\/Library\/img\/ecg.gif\" alt=\"Informationen zu E-Commerce und Mediengesetz\" width=\"169\" height=\"23\" \/><\/a><\/p>\n<p>Grundlegende Richtung des Mediums: Diese Webseite versteht sich als reine Service- und Informationsplattform von pock-programming.<\/p>\n<h3>Unsere Kontaktdaten<\/h3>\n<p>pock-programming<br \/>\nIng. Christoph Pock<br \/>\nTrautmannsdorf 32<br \/>\n8344 Bad Gleichenberg<br \/>\n\u00d6sterreich<\/p>\n<p>Telefon: <a href=\"tel:+43664435046\">+43 (0)664\/4353046<\/a><br \/>\nE-Mail: <a href=\"mailto:&#111;&#102;fi&#99;&#101;&#64;po&#99;&#107;-progr&#97;&#109;m&#105;n&#103;&#46;n&#101;t\">&#111;f&#102;ic&#101;&#64;&#112;o&#99;k-&#112;&#114;&#111;&#103;&#114;&#97;m&#109;&#105;ng&#46;n&#101;t<\/a><br \/>\nInternet: <a href=\"http:\/\/www.pock-programming.net\/\" target=\"_blank\" rel=\"noopener noreferrer\">www.pock-programming.net<\/a><\/p>\n<h3>Webdesign \/ Entwicklung<\/h3>\n<p>pock-programming<br \/>\nIng. Christoph Pock<br \/>\nTrautmannsdorf 32<br \/>\n8344 Bad Gleichenberg<br \/>\n\u00d6sterreich<\/p>\n<p>Telefon: <a href=\"tel:+43664435046\">+43 (0)664\/4353046<\/a><br \/>\nE-Mail: <a href=\"mailto:o&#102;&#102;&#105;ce&#64;p&#111;c&#107;&#45;p&#114;&#111;&#103;&#114;&#97;m&#109;&#105;&#110;g&#46;&#110;e&#116;\">&#111;ff&#105;c&#101;&#64;&#112;oc&#107;-&#112;&#114;&#111;&#103;r&#97;mmi&#110;&#103;.&#110;&#101;t<\/a><br \/>\nInternet: <a href=\"http:\/\/www.pock-programming.net\/\" target=\"_blank\" rel=\"noopener noreferrer\">www.pock-programming.net<\/a><\/p>\n<h3>Haftungsausschuss<\/h3>\n<p>Diese Website von pock-programming\u00a0ist als reine Service- und Informationsplattform eingerichtet.<\/p>\n<p>Die Urheberrechte und das Copyright f\u00fcr s\u00e4mtliche Inhalte dieser Homepage liegen bei\u00a0pock-programming.<\/p>\n<p>Da unsere Internetseiten von Internetseiten Dritter, ohne unser Wissen verlinkt werden k\u00f6nnen, weisen wir ausdr\u00fccklich darauf hin, dass wir keinerlei Verantwortung f\u00fcr die Inhalte dieser verlinkenden Seiten \u00fcbernehmen.<\/p>\n<p>Alle in unseren Internetseiten enthaltenen Angaben und Informationen wurden sorgf\u00e4ltig recherchiert und gepr\u00fcft. Alle Angaben und Informationen ohne Gew\u00e4hr. Druckfehler und Irrt\u00fcmer vorbehalten. Wir behalten uns das Recht vor, jederzeit und ohne Vorank\u00fcndigung \u00c4nderungen und Erg\u00e4nzungen vorzunehmen. F\u00fcr Richtigkeit, Vollst\u00e4ndigkeit und Aktualit\u00e4t wird keine Haftung \u00fcbernommen.<\/p>\n<h3>Datenschutzerkl\u00e4rung<\/h3>\n<p>Der Schutz Ihrer pers\u00f6nlichen Daten ist uns ein besonderes Anliegen. Wir verarbeiten Ihre Daten daher ausschlie\u00dflich auf Grundlage der gesetzlichen Bestimmungen (DSGVO, TKG 2003). In diesen Datenschutzinformationen informieren wir Sie \u00fcber die wichtigsten Aspekte der Datenverarbeitung im Rahmen unserer Website.<\/p>\n<h4>Datenschutz<\/h4>\n<p>Die Betreiber dieser Seiten nehmen den Schutz Ihrer pers\u00f6nlichen Daten sehr ernst. Wir behandeln Ihre personenbezogenen Daten vertraulich und entsprechend der gesetzlichen Datenschutzvorschriften sowie dieser Datenschutzerkl\u00e4rung.<\/p>\n<p>Die Nutzung unserer Webseite ist in der Regel ohne Angabe personenbezogener Daten m\u00f6glich. Soweit auf unseren Seiten personenbezogene Daten (beispielsweise Name, Anschrift oder E-Mail-Adressen) erhoben werden, erfolgt dies, soweit m\u00f6glich, stets auf freiwilliger Basis. Diese Daten werden ohne Ihre ausdr\u00fcckliche Zustimmung nicht an Dritte weitergegeben.<\/p>\n<p>Wir weisen darauf hin, dass die Daten\u00fcbertragung im Internet (z.B. bei der Kommunikation per E-Mail) Sicherheitsl\u00fccken aufweisen kann. Ein l\u00fcckenloser Schutz der Daten vor dem Zugriff durch Dritte ist nicht m\u00f6glich.<br \/>\n<a name=\"Cookies\"><\/a><\/p>\n<h4>Cookies<\/h4>\n<p>Auf bestimmten Seiten kommen Cookies zum Einsatz, ohne dass wir Sie darauf hinweisen k\u00f6nnen. Sie dienen dazu, unser Angebot nutzerfreundlicher, effektiver und sicherer zu machen. Cookies sind kleine Textdateien, die auf Ihrem Rechner abgelegt werden und die Ihr Browser speichert. Cookies richten auf Ihrem Rechner keinen Schaden an und enthalten keine Viren. Die meisten Browser sind so eingestellt, dass sie Cookies automatisch akzeptieren.<\/p>\n<p>Unsere Seite verwendete nur f\u00fcr die Funktion notwendige Cookies und enth\u00e4lt keine personenbezogenen Daten. Es erfolgt keine Weitergabe der Daten und es werden keine Drittanbieter Cookies verwendet.<\/p>\n<p>Sie k\u00f6nnen das Speichern von Cookies jedoch deaktivieren oder Ihren Browser so einstellen, dass er Sie benachrichtigt, sobald Cookies gesendet werden. Sie k\u00f6nnen die Installation der Cookies durch eine entsprechende Einstellung Ihrer Browser-Software verhindern; wir weisen Sie jedoch darauf hin, dass Sie in diesem Fall gegebenenfalls nicht s\u00e4mtliche Funktionen dieser Website vollumf\u00e4nglich nutzen k\u00f6nnen.<\/p>\n<h4 id=\"heading_Ihre_Rechte\">Ihre Rechte<\/h4>\n<p>Ihnen stehen grunds\u00e4tzlich die Rechte auf Auskunft, Berichtigung, L\u00f6schung, Einschr\u00e4nkung, Daten\u00fcbertragbarkeit, Widerruf und Widerspruch zu. Wenn Sie glauben, dass die Verarbeitung Ihrer Daten gegen das Datenschutzrecht verst\u00f6\u00dft oder Ihre datenschutzrechtlichen Anspr\u00fcche sonst in einer Weise verletzt worden sind, k\u00f6nnen Sie sich bei der Aufsichtsbeh\u00f6rde beschweren. In \u00d6sterreich ist dies die Datenschutzbeh\u00f6rde.<\/p>\n<h4 id=\"heading_Sie_erreichen_uns_unter_folgenden_Kontaktdaten_\">Sie erreichen uns mit Ihren datenschutzrelevanten Anliegen unter folgenden Kontaktdaten:<\/h4>\n<p>Ing. Christoph Pock<br \/>\nTrautmannsdorf 32<br \/>\n8344 Bad Gleichenberg<br \/>\n\u00d6sterreich<\/p>\n<p>Telefon: <a href=\"tel:+43664435046\">+43 (0)664\/4353046<\/a><br \/>\nE-Mail: <a href=\"mailto:&#100;at&#101;&#110;&#115;&#99;&#104;ut&#122;&#64;p&#111;&#99;&#107;&#45;&#112;ro&#103;&#114;a&#109;&#109;&#105;ng&#46;&#110;&#101;t\">&#100;a&#116;&#101;&#110;s&#99;&#104;&#117;&#116;z&#64;p&#111;&#99;k&#45;pr&#111;&#103;r&#97;&#109;&#109;i&#110;g.&#110;&#101;t<\/a><\/p>\n<p><strong>Alle Preis in EUR zuz\u00fcgl. 20% MwSt.<\/strong><\/p>\n","protected":false},"excerpt":{"rendered":"<p>pock-programming Ing. Christoph Pock Dienstleistungen in der automatischen Datenverarbeitung und Informationstechnik UID Nr.: ATU66681977 Beh\u00f6rde gem. ECG (E-Commerce Gesetz): Bezirkshauptmannschaft S\u00fcdoststeiermark Mitglied der Wirtschaftskammer Steiermark: Fachgruppe Unternehmensberatung, Buchhaltung und Informationstechnologie: IT-Dienstleistung Rechtsform: Einzelunternehmer Anwendbare Rechtsvorschriften: http:\/\/www.ris2.bka.gv.at Grundlegende Richtung des Mediums: Diese Webseite versteht sich als reine Service- und Informationsplattform von pock-programming. Unsere Kontaktdaten pock-programming Ing. [&hellip;]<\/p>\n","protected":false},"author":1,"featured_media":0,"parent":0,"menu_order":0,"comment_status":"closed","ping_status":"closed","template":"page-full.php","meta":{"footnotes":""},"class_list":["post-13","page","type-page","status-publish","hentry"],"_links":{"self":[{"href":"https:\/\/pock-programming.net\/index.php?rest_route=\/wp\/v2\/pages\/13","targetHints":{"allow":["GET"]}}],"collection":[{"href":"https:\/\/pock-programming.net\/index.php?rest_route=\/wp\/v2\/pages"}],"about":[{"href":"https:\/\/pock-programming.net\/index.php?rest_route=\/wp\/v2\/types\/page"}],"author":[{"embeddable":true,"href":"https:\/\/pock-programming.net\/index.php?rest_route=\/wp\/v2\/users\/1"}],"replies":[{"embeddable":true,"href":"https:\/\/pock-programming.net\/index.php?rest_route=%2Fwp%2Fv2%2Fcomments&post=13"}],"version-history":[{"count":7,"href":"https:\/\/pock-programming.net\/index.php?rest_route=\/wp\/v2\/pages\/13\/revisions"}],"predecessor-version":[{"id":172,"href":"https:\/\/pock-programming.net\/index.php?rest_route=\/wp\/v2\/pages\/13\/revisions\/172"}],"wp:attachment":[{"href":"https:\/\/pock-programming.net\/index.php?rest_route=%2Fwp%2Fv2%2Fmedia&parent=13"}],"curies":[{"name":"wp","href":"https:\/\/api.w.org\/{rel}","templated":true}]}}